{"id":7863,"date":"2022-10-26T14:08:25","date_gmt":"2022-10-26T14:08:25","guid":{"rendered":"https:\/\/apedaf.be\/wordpress\/?page_id=7863"},"modified":"2025-10-06T13:10:46","modified_gmt":"2025-10-06T13:10:46","slug":"ma-mallette-creche","status":"publish","type":"page","link":"https:\/\/apedaf.be\/wordpress\/ma-mallette-creche\/","title":{"rendered":"Ma mallette cr\u00e8che"},"content":{"rendered":"\t\t<div data-elementor-type=\"wp-page\" data-elementor-id=\"7863\" class=\"elementor elementor-7863\" data-elementor-post-type=\"page\">\n\t\t\t\t\t\t<section class=\"elementor-section elementor-top-section elementor-element elementor-element-b10f06f elementor-section-boxed elementor-section-height-default elementor-section-height-default\" data-id=\"b10f06f\" data-element_type=\"section\" data-e-type=\"section\">\n\t\t\t\t\t\t<div class=\"elementor-container elementor-column-gap-default\">\n\t\t\t\t\t<div class=\"elementor-column elementor-col-100 elementor-top-column elementor-element elementor-element-a16269b\" data-id=\"a16269b\" data-element_type=\"column\" data-e-type=\"column\">\n\t\t\t<div class=\"elementor-widget-wrap elementor-element-populated\">\n\t\t\t\t\t\t<div class=\"elementor-element elementor-element-828b2ea elementor-widget elementor-widget-spacer\" data-id=\"828b2ea\" data-element_type=\"widget\" data-e-type=\"widget\" data-widget_type=\"spacer.default\">\n\t\t\t\t<div class=\"elementor-widget-container\">\n\t\t\t\t\t\t\t<div class=\"elementor-spacer\">\n\t\t\t<div class=\"elementor-spacer-inner\"><\/div>\n\t\t<\/div>\n\t\t\t\t\t\t<\/div>\n\t\t\t\t<\/div>\n\t\t\t\t<div class=\"elementor-element elementor-element-fae6646 elementor-widget elementor-widget-heading\" data-id=\"fae6646\" data-element_type=\"widget\" data-e-type=\"widget\" data-widget_type=\"heading.default\">\n\t\t\t\t<div class=\"elementor-widget-container\">\n\t\t\t\t\t<h2 class=\"elementor-heading-title elementor-size-default\">Ma Mallette Cr\u00e8che <\/h2>\t\t\t\t<\/div>\n\t\t\t\t<\/div>\n\t\t\t\t<div class=\"elementor-element elementor-element-9c549ae elementor-widget elementor-widget-heading\" data-id=\"9c549ae\" data-element_type=\"widget\" data-e-type=\"widget\" data-widget_type=\"heading.default\">\n\t\t\t\t<div class=\"elementor-widget-container\">\n\t\t\t\t\t<h3 class=\"elementor-heading-title elementor-size-default\"><b>Vous travaillez dans le secteur de la petite enfance et vous souhaitez vous sensibiliser ou sensibiliser vos coll\u00e8gues \u00e0 la surdit\u00e9 ? <br><br>Vous \u00eates parents d'enfants sourds ou malentendants et vous souhaitez sensibiliser le personnel de la cr\u00e8che de vos enfants ?<\/b> <br><br>Plus d'informations : info@apedaf.be ou 0472\/58.82.13<\/h3>\t\t\t\t<\/div>\n\t\t\t\t<\/div>\n\t\t\t\t\t<\/div>\n\t\t<\/div>\n\t\t\t\t\t<\/div>\n\t\t<\/section>\n\t\t\t\t<section class=\"elementor-section elementor-top-section elementor-element elementor-element-d44794f elementor-section-boxed elementor-section-height-default elementor-section-height-default\" data-id=\"d44794f\" data-element_type=\"section\" data-e-type=\"section\">\n\t\t\t\t\t\t<div class=\"elementor-container elementor-column-gap-default\">\n\t\t\t\t\t<div class=\"elementor-column elementor-col-100 elementor-top-column elementor-element elementor-element-315f551\" data-id=\"315f551\" data-element_type=\"column\" data-e-type=\"column\">\n\t\t\t<div class=\"elementor-widget-wrap elementor-element-populated\">\n\t\t\t\t\t\t<div class=\"elementor-element elementor-element-04a5f19 elementor-widget elementor-widget-spacer\" data-id=\"04a5f19\" data-element_type=\"widget\" data-e-type=\"widget\" data-widget_type=\"spacer.default\">\n\t\t\t\t<div class=\"elementor-widget-container\">\n\t\t\t\t\t\t\t<div class=\"elementor-spacer\">\n\t\t\t<div class=\"elementor-spacer-inner\"><\/div>\n\t\t<\/div>\n\t\t\t\t\t\t<\/div>\n\t\t\t\t<\/div>\n\t\t\t\t<div class=\"elementor-element elementor-element-681b164 elementor-widget elementor-widget-image\" data-id=\"681b164\" data-element_type=\"widget\" data-e-type=\"widget\" data-widget_type=\"image.default\">\n\t\t\t\t<div class=\"elementor-widget-container\">\n\t\t\t\t\t\t\t\t\t\t\t\t\t\t\t<img fetchpriority=\"high\" decoding=\"async\" width=\"1024\" height=\"683\" src=\"https:\/\/apedaf.be\/wordpress\/wp-content\/uploads\/2022\/10\/mockup-mallette-creche-1-1024x683.jpg\" class=\"attachment-large size-large wp-image-7865\" alt=\"\" srcset=\"https:\/\/apedaf.be\/wordpress\/wp-content\/uploads\/2022\/10\/mockup-mallette-creche-1-1024x683.jpg 1024w, https:\/\/apedaf.be\/wordpress\/wp-content\/uploads\/2022\/10\/mockup-mallette-creche-1-300x200.jpg 300w, https:\/\/apedaf.be\/wordpress\/wp-content\/uploads\/2022\/10\/mockup-mallette-creche-1-768x512.jpg 768w, https:\/\/apedaf.be\/wordpress\/wp-content\/uploads\/2022\/10\/mockup-mallette-creche-1-1536x1024.jpg 1536w, https:\/\/apedaf.be\/wordpress\/wp-content\/uploads\/2022\/10\/mockup-mallette-creche-1-2048x1365.jpg 2048w, https:\/\/apedaf.be\/wordpress\/wp-content\/uploads\/2022\/10\/mockup-mallette-creche-1-1320x880.jpg 1320w\" sizes=\"(max-width: 1024px) 100vw, 1024px\" \/>\t\t\t\t\t\t\t\t\t\t\t\t\t\t\t<\/div>\n\t\t\t\t<\/div>\n\t\t\t\t<div class=\"elementor-element elementor-element-7f6aedd elementor-widget elementor-widget-heading\" data-id=\"7f6aedd\" data-element_type=\"widget\" data-e-type=\"widget\" data-widget_type=\"heading.default\">\n\t\t\t\t<div class=\"elementor-widget-container\">\n\t\t\t\t\t<h2 class=\"elementor-heading-title elementor-size-default\">T\u00e9l\u00e9chargez la mallette en version num\u00e9rique <\/h2>\t\t\t\t<\/div>\n\t\t\t\t<\/div>\n\t\t\t\t<div class=\"elementor-element elementor-element-983b29f elementor-align-center elementor-widget elementor-widget-button\" data-id=\"983b29f\" data-element_type=\"widget\" data-e-type=\"widget\" data-widget_type=\"button.default\">\n\t\t\t\t<div class=\"elementor-widget-container\">\n\t\t\t\t\t\t\t\t\t<div class=\"elementor-button-wrapper\">\n\t\t\t\t\t<a class=\"elementor-button elementor-button-link elementor-size-sm\" href=\"https:\/\/apedaf.be\/wordpress\/download\/11799\/?tmstv=1759756033\">\n\t\t\t\t\t\t<span class=\"elementor-button-content-wrapper\">\n\t\t\t\t\t\t\t\t\t<span class=\"elementor-button-text\">T\u00e9l\u00e9charger <\/span>\n\t\t\t\t\t<\/span>\n\t\t\t\t\t<\/a>\n\t\t\t\t<\/div>\n\t\t\t\t\t\t\t\t<\/div>\n\t\t\t\t<\/div>\n\t\t\t\t<div class=\"elementor-element elementor-element-9ae230c elementor-widget elementor-widget-spacer\" data-id=\"9ae230c\" data-element_type=\"widget\" data-e-type=\"widget\" data-widget_type=\"spacer.default\">\n\t\t\t\t<div class=\"elementor-widget-container\">\n\t\t\t\t\t\t\t<div class=\"elementor-spacer\">\n\t\t\t<div class=\"elementor-spacer-inner\"><\/div>\n\t\t<\/div>\n\t\t\t\t\t\t<\/div>\n\t\t\t\t<\/div>\n\t\t\t\t<div class=\"elementor-element elementor-element-9122a57 elementor-widget elementor-widget-video\" data-id=\"9122a57\" data-element_type=\"widget\" data-e-type=\"widget\" data-settings=\"{&quot;youtube_url&quot;:&quot;https:\\\/\\\/youtu.be\\\/pxpYzwQLxOY&quot;,&quot;video_type&quot;:&quot;youtube&quot;,&quot;controls&quot;:&quot;yes&quot;}\" data-widget_type=\"video.default\">\n\t\t\t\t<div class=\"elementor-widget-container\">\n\t\t\t\t\t\t\t<div class=\"elementor-wrapper elementor-open-inline\">\n\t\t\t<div class=\"elementor-video\"><\/div>\t\t<\/div>\n\t\t\t\t\t\t<\/div>\n\t\t\t\t<\/div>\n\t\t\t\t<div class=\"elementor-element elementor-element-8e3641d elementor-widget elementor-widget-spacer\" data-id=\"8e3641d\" data-element_type=\"widget\" data-e-type=\"widget\" data-widget_type=\"spacer.default\">\n\t\t\t\t<div class=\"elementor-widget-container\">\n\t\t\t\t\t\t\t<div class=\"elementor-spacer\">\n\t\t\t<div class=\"elementor-spacer-inner\"><\/div>\n\t\t<\/div>\n\t\t\t\t\t\t<\/div>\n\t\t\t\t<\/div>\n\t\t<div class=\"elementor-element elementor-element-1a911b4 e-flex e-con-boxed e-con e-parent\" data-id=\"1a911b4\" data-element_type=\"container\" data-e-type=\"container\">\n\t\t\t\t\t<div class=\"e-con-inner\">\n\t\t\t\t<div class=\"elementor-element elementor-element-eb1801d elementor-widget elementor-widget-heading\" data-id=\"eb1801d\" data-element_type=\"widget\" data-e-type=\"widget\" data-widget_type=\"heading.default\">\n\t\t\t\t<div class=\"elementor-widget-container\">\n\t\t\t\t\t<h2 class=\"elementor-heading-title elementor-size-default\">Retrouvez nos listes de cr\u00e8ches inclusives et sensibilis\u00e9es<\/h2>\t\t\t\t<\/div>\n\t\t\t\t<\/div>\n\t\t\t\t\t<\/div>\n\t\t\t\t<\/div>\n\t\t\t\t\t<\/div>\n\t\t<\/div>\n\t\t\t\t\t<\/div>\n\t\t<\/section>\n\t\t<div class=\"elementor-element elementor-element-a168958 e-flex e-con-boxed e-con e-parent\" data-id=\"a168958\" data-element_type=\"container\" data-e-type=\"container\">\n\t\t\t\t\t<div class=\"e-con-inner\">\n\t\t<div class=\"elementor-element elementor-element-a1c7784 e-con-full e-flex e-con e-child\" data-id=\"a1c7784\" data-element_type=\"container\" data-e-type=\"container\">\n\t\t\t\t<div class=\"elementor-element elementor-element-9182292 elementor-widget elementor-widget-heading\" data-id=\"9182292\" data-element_type=\"widget\" data-e-type=\"widget\" data-widget_type=\"heading.default\">\n\t\t\t\t<div class=\"elementor-widget-container\">\n\t\t\t\t\t<h2 class=\"elementor-heading-title elementor-size-default\">Liste de cr\u00e8ches inclusives<\/h2>\t\t\t\t<\/div>\n\t\t\t\t<\/div>\n\t\t\t\t<div class=\"elementor-element elementor-element-f93e271 elementor-widget elementor-widget-image\" data-id=\"f93e271\" data-element_type=\"widget\" data-e-type=\"widget\" data-widget_type=\"image.default\">\n\t\t\t\t<div class=\"elementor-widget-container\">\n\t\t\t\t\t\t\t\t\t\t\t\t\t\t\t<img decoding=\"async\" width=\"1024\" height=\"1024\" src=\"https:\/\/apedaf.be\/wordpress\/wp-content\/uploads\/2025\/07\/Design-sans-titre-2-1024x1024.jpg\" class=\"attachment-large size-large wp-image-11669\" alt=\"Liste cr\u00e8ches inclusives\" srcset=\"https:\/\/apedaf.be\/wordpress\/wp-content\/uploads\/2025\/07\/Design-sans-titre-2-1024x1024.jpg 1024w, https:\/\/apedaf.be\/wordpress\/wp-content\/uploads\/2025\/07\/Design-sans-titre-2-300x300.jpg 300w, https:\/\/apedaf.be\/wordpress\/wp-content\/uploads\/2025\/07\/Design-sans-titre-2-150x150.jpg 150w, https:\/\/apedaf.be\/wordpress\/wp-content\/uploads\/2025\/07\/Design-sans-titre-2-768x768.jpg 768w, https:\/\/apedaf.be\/wordpress\/wp-content\/uploads\/2025\/07\/Design-sans-titre-2-600x600.jpg 600w, https:\/\/apedaf.be\/wordpress\/wp-content\/uploads\/2025\/07\/Design-sans-titre-2.jpg 1080w\" sizes=\"(max-width: 1024px) 100vw, 1024px\" \/>\t\t\t\t\t\t\t\t\t\t\t\t\t\t\t<\/div>\n\t\t\t\t<\/div>\n\t\t\t\t<div class=\"elementor-element elementor-element-a8bd26b elementor-align-center elementor-widget elementor-widget-button\" data-id=\"a8bd26b\" data-element_type=\"widget\" data-e-type=\"widget\" data-widget_type=\"button.default\">\n\t\t\t\t<div class=\"elementor-widget-container\">\n\t\t\t\t\t\t\t\t\t<div class=\"elementor-button-wrapper\">\n\t\t\t\t\t<a class=\"elementor-button elementor-button-link elementor-size-sm\" href=\"https:\/\/apedaf.be\/wordpress\/download\/11663\/?tmstv=1751450243\">\n\t\t\t\t\t\t<span class=\"elementor-button-content-wrapper\">\n\t\t\t\t\t\t\t\t\t<span class=\"elementor-button-text\">T\u00e9l\u00e9charger<\/span>\n\t\t\t\t\t<\/span>\n\t\t\t\t\t<\/a>\n\t\t\t\t<\/div>\n\t\t\t\t\t\t\t\t<\/div>\n\t\t\t\t<\/div>\n\t\t\t\t<\/div>\n\t\t<div class=\"elementor-element elementor-element-3b68307 e-con-full e-flex e-con e-child\" data-id=\"3b68307\" data-element_type=\"container\" data-e-type=\"container\">\n\t\t\t\t<div class=\"elementor-element elementor-element-eded64b elementor-widget elementor-widget-heading\" data-id=\"eded64b\" data-element_type=\"widget\" data-e-type=\"widget\" data-widget_type=\"heading.default\">\n\t\t\t\t<div class=\"elementor-widget-container\">\n\t\t\t\t\t<h2 class=\"elementor-heading-title elementor-size-default\">Liste de cr\u00e8ches sensibilis\u00e9es<\/h2>\t\t\t\t<\/div>\n\t\t\t\t<\/div>\n\t\t\t\t<div class=\"elementor-element elementor-element-139e002 elementor-widget elementor-widget-image\" data-id=\"139e002\" data-element_type=\"widget\" data-e-type=\"widget\" data-widget_type=\"image.default\">\n\t\t\t\t<div class=\"elementor-widget-container\">\n\t\t\t\t\t\t\t\t\t\t\t\t\t\t\t<img decoding=\"async\" width=\"1024\" height=\"1024\" src=\"https:\/\/apedaf.be\/wordpress\/wp-content\/uploads\/2025\/07\/Design-sans-titre-1-1024x1024.jpg\" class=\"attachment-large size-large wp-image-11668\" alt=\"Liste cr\u00e8ches sensibilis\u00e9es\" srcset=\"https:\/\/apedaf.be\/wordpress\/wp-content\/uploads\/2025\/07\/Design-sans-titre-1-1024x1024.jpg 1024w, https:\/\/apedaf.be\/wordpress\/wp-content\/uploads\/2025\/07\/Design-sans-titre-1-300x300.jpg 300w, https:\/\/apedaf.be\/wordpress\/wp-content\/uploads\/2025\/07\/Design-sans-titre-1-150x150.jpg 150w, https:\/\/apedaf.be\/wordpress\/wp-content\/uploads\/2025\/07\/Design-sans-titre-1-768x768.jpg 768w, https:\/\/apedaf.be\/wordpress\/wp-content\/uploads\/2025\/07\/Design-sans-titre-1-600x600.jpg 600w, https:\/\/apedaf.be\/wordpress\/wp-content\/uploads\/2025\/07\/Design-sans-titre-1.jpg 1080w\" sizes=\"(max-width: 1024px) 100vw, 1024px\" \/>\t\t\t\t\t\t\t\t\t\t\t\t\t\t\t<\/div>\n\t\t\t\t<\/div>\n\t\t\t\t<div class=\"elementor-element elementor-element-55f4fe6 elementor-align-center elementor-widget elementor-widget-button\" data-id=\"55f4fe6\" data-element_type=\"widget\" data-e-type=\"widget\" data-widget_type=\"button.default\">\n\t\t\t\t<div class=\"elementor-widget-container\">\n\t\t\t\t\t\t\t\t\t<div class=\"elementor-button-wrapper\">\n\t\t\t\t\t<a class=\"elementor-button elementor-button-link elementor-size-sm\" href=\"https:\/\/apedaf.be\/wordpress\/download\/11660\/?tmstv=1751451059\">\n\t\t\t\t\t\t<span class=\"elementor-button-content-wrapper\">\n\t\t\t\t\t\t\t\t\t<span class=\"elementor-button-text\">T\u00e9l\u00e9charger<\/span>\n\t\t\t\t\t<\/span>\n\t\t\t\t\t<\/a>\n\t\t\t\t<\/div>\n\t\t\t\t\t\t\t\t<\/div>\n\t\t\t\t<\/div>\n\t\t\t\t<\/div>\n\t\t\t\t\t<\/div>\n\t\t\t\t<\/div>\n\t\t\t\t<section class=\"elementor-section elementor-top-section elementor-element elementor-element-a55459b elementor-section-boxed elementor-section-height-default elementor-section-height-default\" data-id=\"a55459b\" data-element_type=\"section\" data-e-type=\"section\">\n\t\t\t\t\t\t<div class=\"elementor-container elementor-column-gap-default\">\n\t\t\t\t\t<div class=\"elementor-column elementor-col-100 elementor-top-column elementor-element elementor-element-28f0f97\" data-id=\"28f0f97\" data-element_type=\"column\" data-e-type=\"column\">\n\t\t\t<div class=\"elementor-widget-wrap elementor-element-populated\">\n\t\t\t\t\t\t<div class=\"elementor-element elementor-element-c59122e elementor-widget elementor-widget-spacer\" data-id=\"c59122e\" data-element_type=\"widget\" data-e-type=\"widget\" data-widget_type=\"spacer.default\">\n\t\t\t\t<div class=\"elementor-widget-container\">\n\t\t\t\t\t\t\t<div class=\"elementor-spacer\">\n\t\t\t<div class=\"elementor-spacer-inner\"><\/div>\n\t\t<\/div>\n\t\t\t\t\t\t<\/div>\n\t\t\t\t<\/div>\n\t\t\t\t\t<\/div>\n\t\t<\/div>\n\t\t\t\t\t<\/div>\n\t\t<\/section>\n\t\t\t\t<\/div>\n\t\t","protected":false},"excerpt":{"rendered":"<p>Ma Mallette Cr\u00e8che Vous travaillez dans le secteur de la petite enfance et vous souhaitez vous sensibiliser ou sensibiliser vos coll\u00e8gues \u00e0 la surdit\u00e9 ? Vous \u00eates parents d&rsquo;enfants sourds ou malentendants et vous souhaitez sensibiliser le personnel de la cr\u00e8che de vos enfants ? Plus d&rsquo;informations : info@apedaf.be ou 0472\/58.82.13 T\u00e9l\u00e9chargez la mallette en [&hellip;]<\/p>\n","protected":false},"author":1,"featured_media":0,"parent":0,"menu_order":0,"comment_status":"closed","ping_status":"closed","template":"","meta":{"footnotes":""},"class_list":["post-7863","page","type-page","status-publish","hentry","entry"],"yoast_head":"<!-- This site is optimized with the Yoast SEO plugin v27.2 - https:\/\/yoast.com\/product\/yoast-seo-wordpress\/ -->\n<title>Ma mallette cr\u00e8che - APEDAF asbl<\/title>\n<meta name=\"robots\" content=\"index, follow, max-snippet:-1, max-image-preview:large, max-video-preview:-1\" \/>\n<link rel=\"canonical\" href=\"https:\/\/apedaf.be\/wordpress\/ma-mallette-creche\/\" \/>\n<meta property=\"og:locale\" content=\"fr_FR\" \/>\n<meta property=\"og:type\" content=\"article\" \/>\n<meta property=\"og:title\" content=\"Ma mallette cr\u00e8che - APEDAF asbl\" \/>\n<meta property=\"og:description\" content=\"Ma Mallette Cr\u00e8che Vous travaillez dans le secteur de la petite enfance et vous souhaitez vous sensibiliser ou sensibiliser vos coll\u00e8gues \u00e0 la surdit\u00e9 ? Vous \u00eates parents d&rsquo;enfants sourds ou malentendants et vous souhaitez sensibiliser le personnel de la cr\u00e8che de vos enfants ? Plus d&rsquo;informations : info@apedaf.be ou 0472\/58.82.13 T\u00e9l\u00e9chargez la mallette en [&hellip;]\" \/>\n<meta property=\"og:url\" content=\"https:\/\/apedaf.be\/wordpress\/ma-mallette-creche\/\" \/>\n<meta property=\"og:site_name\" content=\"APEDAF asbl\" \/>\n<meta property=\"article:publisher\" content=\"https:\/\/www.facebook.com\/apedaf\/\" \/>\n<meta property=\"article:modified_time\" content=\"2025-10-06T13:10:46+00:00\" \/>\n<meta property=\"og:image\" content=\"https:\/\/apedaf.be\/wordpress\/wp-content\/uploads\/2022\/10\/mockup-mallette-creche-1-scaled.jpg\" \/>\n\t<meta property=\"og:image:width\" content=\"2560\" \/>\n\t<meta property=\"og:image:height\" content=\"1707\" \/>\n\t<meta property=\"og:image:type\" content=\"image\/jpeg\" \/>\n<meta name=\"twitter:card\" content=\"summary_large_image\" \/>\n<meta name=\"twitter:label1\" content=\"Dur\u00e9e de lecture estim\u00e9e\" \/>\n\t<meta name=\"twitter:data1\" content=\"1 minute\" \/>\n<script type=\"application\/ld+json\" class=\"yoast-schema-graph\">{\"@context\":\"https:\/\/schema.org\",\"@graph\":[{\"@type\":\"WebPage\",\"@id\":\"https:\/\/apedaf.be\/wordpress\/ma-mallette-creche\/\",\"url\":\"https:\/\/apedaf.be\/wordpress\/ma-mallette-creche\/\",\"name\":\"Ma mallette cr\u00e8che - APEDAF asbl\",\"isPartOf\":{\"@id\":\"https:\/\/apedaf.be\/wordpress\/#website\"},\"primaryImageOfPage\":{\"@id\":\"https:\/\/apedaf.be\/wordpress\/ma-mallette-creche\/#primaryimage\"},\"image\":{\"@id\":\"https:\/\/apedaf.be\/wordpress\/ma-mallette-creche\/#primaryimage\"},\"thumbnailUrl\":\"https:\/\/apedaf.be\/wordpress\/wp-content\/uploads\/2022\/10\/mockup-mallette-creche-1-1024x683.jpg\",\"datePublished\":\"2022-10-26T14:08:25+00:00\",\"dateModified\":\"2025-10-06T13:10:46+00:00\",\"breadcrumb\":{\"@id\":\"https:\/\/apedaf.be\/wordpress\/ma-mallette-creche\/#breadcrumb\"},\"inLanguage\":\"fr-FR\",\"potentialAction\":[{\"@type\":\"ReadAction\",\"target\":[\"https:\/\/apedaf.be\/wordpress\/ma-mallette-creche\/\"]}]},{\"@type\":\"ImageObject\",\"inLanguage\":\"fr-FR\",\"@id\":\"https:\/\/apedaf.be\/wordpress\/ma-mallette-creche\/#primaryimage\",\"url\":\"https:\/\/apedaf.be\/wordpress\/wp-content\/uploads\/2022\/10\/mockup-mallette-creche-1-scaled.jpg\",\"contentUrl\":\"https:\/\/apedaf.be\/wordpress\/wp-content\/uploads\/2022\/10\/mockup-mallette-creche-1-scaled.jpg\",\"width\":2560,\"height\":1707},{\"@type\":\"BreadcrumbList\",\"@id\":\"https:\/\/apedaf.be\/wordpress\/ma-mallette-creche\/#breadcrumb\",\"itemListElement\":[{\"@type\":\"ListItem\",\"position\":1,\"name\":\"Accueil\",\"item\":\"https:\/\/apedaf.be\/wordpress\/\"},{\"@type\":\"ListItem\",\"position\":2,\"name\":\"Ma mallette cr\u00e8che\"}]},{\"@type\":\"WebSite\",\"@id\":\"https:\/\/apedaf.be\/wordpress\/#website\",\"url\":\"https:\/\/apedaf.be\/wordpress\/\",\"name\":\"L'APEDAF asbl\",\"description\":\"Pour l&#039;\u00e9panouissement des enfants sourds et malentendants\",\"publisher\":{\"@id\":\"https:\/\/apedaf.be\/wordpress\/#organization\"},\"potentialAction\":[{\"@type\":\"SearchAction\",\"target\":{\"@type\":\"EntryPoint\",\"urlTemplate\":\"https:\/\/apedaf.be\/wordpress\/?s={search_term_string}\"},\"query-input\":{\"@type\":\"PropertyValueSpecification\",\"valueRequired\":true,\"valueName\":\"search_term_string\"}}],\"inLanguage\":\"fr-FR\"},{\"@type\":\"Organization\",\"@id\":\"https:\/\/apedaf.be\/wordpress\/#organization\",\"name\":\"L'APEDAF asbl\",\"url\":\"https:\/\/apedaf.be\/wordpress\/\",\"logo\":{\"@type\":\"ImageObject\",\"inLanguage\":\"fr-FR\",\"@id\":\"https:\/\/apedaf.be\/wordpress\/#\/schema\/logo\/image\/\",\"url\":\"https:\/\/apedaf.be\/wordpress\/wp-content\/uploads\/2020\/04\/cropped-Apedaf-QUADRI-general-V-e1586436209432-2.png\",\"contentUrl\":\"https:\/\/apedaf.be\/wordpress\/wp-content\/uploads\/2020\/04\/cropped-Apedaf-QUADRI-general-V-e1586436209432-2.png\",\"width\":620,\"height\":273,\"caption\":\"L'APEDAF asbl\"},\"image\":{\"@id\":\"https:\/\/apedaf.be\/wordpress\/#\/schema\/logo\/image\/\"},\"sameAs\":[\"https:\/\/www.facebook.com\/apedaf\/\",\"https:\/\/www.instagram.com\/asblapedaf\/\"]}]}<\/script>\n<!-- \/ Yoast SEO plugin. -->","yoast_head_json":{"title":"Ma mallette cr\u00e8che - APEDAF asbl","robots":{"index":"index","follow":"follow","max-snippet":"max-snippet:-1","max-image-preview":"max-image-preview:large","max-video-preview":"max-video-preview:-1"},"canonical":"https:\/\/apedaf.be\/wordpress\/ma-mallette-creche\/","og_locale":"fr_FR","og_type":"article","og_title":"Ma mallette cr\u00e8che - APEDAF asbl","og_description":"Ma Mallette Cr\u00e8che Vous travaillez dans le secteur de la petite enfance et vous souhaitez vous sensibiliser ou sensibiliser vos coll\u00e8gues \u00e0 la surdit\u00e9 ? Vous \u00eates parents d&rsquo;enfants sourds ou malentendants et vous souhaitez sensibiliser le personnel de la cr\u00e8che de vos enfants ? Plus d&rsquo;informations : info@apedaf.be ou 0472\/58.82.13 T\u00e9l\u00e9chargez la mallette en [&hellip;]","og_url":"https:\/\/apedaf.be\/wordpress\/ma-mallette-creche\/","og_site_name":"APEDAF asbl","article_publisher":"https:\/\/www.facebook.com\/apedaf\/","article_modified_time":"2025-10-06T13:10:46+00:00","og_image":[{"width":2560,"height":1707,"url":"https:\/\/apedaf.be\/wordpress\/wp-content\/uploads\/2022\/10\/mockup-mallette-creche-1-scaled.jpg","type":"image\/jpeg"}],"twitter_card":"summary_large_image","twitter_misc":{"Dur\u00e9e de lecture estim\u00e9e":"1 minute"},"schema":{"@context":"https:\/\/schema.org","@graph":[{"@type":"WebPage","@id":"https:\/\/apedaf.be\/wordpress\/ma-mallette-creche\/","url":"https:\/\/apedaf.be\/wordpress\/ma-mallette-creche\/","name":"Ma mallette cr\u00e8che - APEDAF asbl","isPartOf":{"@id":"https:\/\/apedaf.be\/wordpress\/#website"},"primaryImageOfPage":{"@id":"https:\/\/apedaf.be\/wordpress\/ma-mallette-creche\/#primaryimage"},"image":{"@id":"https:\/\/apedaf.be\/wordpress\/ma-mallette-creche\/#primaryimage"},"thumbnailUrl":"https:\/\/apedaf.be\/wordpress\/wp-content\/uploads\/2022\/10\/mockup-mallette-creche-1-1024x683.jpg","datePublished":"2022-10-26T14:08:25+00:00","dateModified":"2025-10-06T13:10:46+00:00","breadcrumb":{"@id":"https:\/\/apedaf.be\/wordpress\/ma-mallette-creche\/#breadcrumb"},"inLanguage":"fr-FR","potentialAction":[{"@type":"ReadAction","target":["https:\/\/apedaf.be\/wordpress\/ma-mallette-creche\/"]}]},{"@type":"ImageObject","inLanguage":"fr-FR","@id":"https:\/\/apedaf.be\/wordpress\/ma-mallette-creche\/#primaryimage","url":"https:\/\/apedaf.be\/wordpress\/wp-content\/uploads\/2022\/10\/mockup-mallette-creche-1-scaled.jpg","contentUrl":"https:\/\/apedaf.be\/wordpress\/wp-content\/uploads\/2022\/10\/mockup-mallette-creche-1-scaled.jpg","width":2560,"height":1707},{"@type":"BreadcrumbList","@id":"https:\/\/apedaf.be\/wordpress\/ma-mallette-creche\/#breadcrumb","itemListElement":[{"@type":"ListItem","position":1,"name":"Accueil","item":"https:\/\/apedaf.be\/wordpress\/"},{"@type":"ListItem","position":2,"name":"Ma mallette cr\u00e8che"}]},{"@type":"WebSite","@id":"https:\/\/apedaf.be\/wordpress\/#website","url":"https:\/\/apedaf.be\/wordpress\/","name":"L'APEDAF asbl","description":"Pour l&#039;\u00e9panouissement des enfants sourds et malentendants","publisher":{"@id":"https:\/\/apedaf.be\/wordpress\/#organization"},"potentialAction":[{"@type":"SearchAction","target":{"@type":"EntryPoint","urlTemplate":"https:\/\/apedaf.be\/wordpress\/?s={search_term_string}"},"query-input":{"@type":"PropertyValueSpecification","valueRequired":true,"valueName":"search_term_string"}}],"inLanguage":"fr-FR"},{"@type":"Organization","@id":"https:\/\/apedaf.be\/wordpress\/#organization","name":"L'APEDAF asbl","url":"https:\/\/apedaf.be\/wordpress\/","logo":{"@type":"ImageObject","inLanguage":"fr-FR","@id":"https:\/\/apedaf.be\/wordpress\/#\/schema\/logo\/image\/","url":"https:\/\/apedaf.be\/wordpress\/wp-content\/uploads\/2020\/04\/cropped-Apedaf-QUADRI-general-V-e1586436209432-2.png","contentUrl":"https:\/\/apedaf.be\/wordpress\/wp-content\/uploads\/2020\/04\/cropped-Apedaf-QUADRI-general-V-e1586436209432-2.png","width":620,"height":273,"caption":"L'APEDAF asbl"},"image":{"@id":"https:\/\/apedaf.be\/wordpress\/#\/schema\/logo\/image\/"},"sameAs":["https:\/\/www.facebook.com\/apedaf\/","https:\/\/www.instagram.com\/asblapedaf\/"]}]}},"jetpack_sharing_enabled":true,"_links":{"self":[{"href":"https:\/\/apedaf.be\/wordpress\/wp-json\/wp\/v2\/pages\/7863","targetHints":{"allow":["GET"]}}],"collection":[{"href":"https:\/\/apedaf.be\/wordpress\/wp-json\/wp\/v2\/pages"}],"about":[{"href":"https:\/\/apedaf.be\/wordpress\/wp-json\/wp\/v2\/types\/page"}],"author":[{"embeddable":true,"href":"https:\/\/apedaf.be\/wordpress\/wp-json\/wp\/v2\/users\/1"}],"replies":[{"embeddable":true,"href":"https:\/\/apedaf.be\/wordpress\/wp-json\/wp\/v2\/comments?post=7863"}],"version-history":[{"count":27,"href":"https:\/\/apedaf.be\/wordpress\/wp-json\/wp\/v2\/pages\/7863\/revisions"}],"predecessor-version":[{"id":11804,"href":"https:\/\/apedaf.be\/wordpress\/wp-json\/wp\/v2\/pages\/7863\/revisions\/11804"}],"wp:attachment":[{"href":"https:\/\/apedaf.be\/wordpress\/wp-json\/wp\/v2\/media?parent=7863"}],"curies":[{"name":"wp","href":"https:\/\/api.w.org\/{rel}","templated":true}]}}