{"id":8528,"date":"2023-07-11T14:00:30","date_gmt":"2023-07-11T14:00:30","guid":{"rendered":"https:\/\/apedaf.be\/wordpress\/?page_id=8528"},"modified":"2025-05-13T10:00:59","modified_gmt":"2025-05-13T10:00:59","slug":"stages-inclusifs","status":"publish","type":"page","link":"https:\/\/apedaf.be\/wordpress\/stages-inclusifs\/","title":{"rendered":"Stages inclusifs"},"content":{"rendered":"\t\t<div data-elementor-type=\"wp-page\" data-elementor-id=\"8528\" class=\"elementor elementor-8528\" data-elementor-post-type=\"page\">\n\t\t\t\t<div class=\"elementor-element elementor-element-03c70d8 e-flex e-con-boxed e-con e-parent\" data-id=\"03c70d8\" data-element_type=\"container\" data-e-type=\"container\">\n\t\t\t\t\t<div class=\"e-con-inner\">\n\t\t\t\t<div class=\"elementor-element elementor-element-a395518 elementor-widget elementor-widget-spacer\" data-id=\"a395518\" data-element_type=\"widget\" data-e-type=\"widget\" data-widget_type=\"spacer.default\">\n\t\t\t\t<div class=\"elementor-widget-container\">\n\t\t\t\t\t\t\t<div class=\"elementor-spacer\">\n\t\t\t<div class=\"elementor-spacer-inner\"><\/div>\n\t\t<\/div>\n\t\t\t\t\t\t<\/div>\n\t\t\t\t<\/div>\n\t\t\t\t<div class=\"elementor-element elementor-element-881359e elementor-widget elementor-widget-heading\" data-id=\"881359e\" data-element_type=\"widget\" data-e-type=\"widget\" data-widget_type=\"heading.default\">\n\t\t\t\t<div class=\"elementor-widget-container\">\n\t\t\t\t\t<h2 class=\"elementor-heading-title elementor-size-default\">Nos stages inclusifs<\/h2>\t\t\t\t<\/div>\n\t\t\t\t<\/div>\n\t\t\t\t<div class=\"elementor-element elementor-element-d122e48 elementor-widget elementor-widget-spacer\" data-id=\"d122e48\" data-element_type=\"widget\" data-e-type=\"widget\" data-widget_type=\"spacer.default\">\n\t\t\t\t<div class=\"elementor-widget-container\">\n\t\t\t\t\t\t\t<div class=\"elementor-spacer\">\n\t\t\t<div class=\"elementor-spacer-inner\"><\/div>\n\t\t<\/div>\n\t\t\t\t\t\t<\/div>\n\t\t\t\t<\/div>\n\t\t\t\t\t<\/div>\n\t\t\t\t<\/div>\n\t\t<div class=\"elementor-element elementor-element-420db44 e-flex e-con-boxed e-con e-parent\" data-id=\"420db44\" data-element_type=\"container\" data-e-type=\"container\">\n\t\t\t\t\t<div class=\"e-con-inner\">\n\t\t<div class=\"elementor-element elementor-element-5e676f9 e-con-full e-flex e-con e-child\" data-id=\"5e676f9\" data-element_type=\"container\" data-e-type=\"container\">\n\t\t\t\t<div class=\"elementor-element elementor-element-6073aa1 elementor-widget elementor-widget-text-editor\" data-id=\"6073aa1\" data-element_type=\"widget\" data-e-type=\"widget\" data-widget_type=\"text-editor.default\">\n\t\t\t\t<div class=\"elementor-widget-container\">\n\t\t\t\t\t\t\t\t\t<p class=\"\" data-start=\"159\" data-end=\"403\">\u00c0 chaque p\u00e9riode de vacances scolaires \u2014 Toussaint, Carnaval, P\u00e2ques et ao\u00fbt \u2014 l\u2019APEDAF organise, en partenariat avec le service ATL de la Ville de Tournai, des stages inclusifs d\u2019une semaine (cinq jours) pour les enfants \u00e2g\u00e9s de 2,5 \u00e0 12 ans.<\/p><p class=\"\" data-start=\"405\" data-end=\"723\">Ces stages sont ouverts aux enfants sourds, malentendants, entendants et aux enfants CODA (enfants entendants de parents sourds). Ils sont enti\u00e8rement accessibles en Langue des Signes Francophone de Belgique (LSFB) et en Langue Parl\u00e9e Compl\u00e9t\u00e9e (LPC), afin de garantir une participation \u00e9quitable et active pour tous.<\/p><p class=\"\" data-start=\"725\" data-end=\"900\">Accueillis dans un environnement bienveillant et respectueux des diff\u00e9rences, les enfants vivent ensemble des vacances riches en \u00e9changes, en apprentissages et en d\u00e9couvertes.<\/p>\t\t\t\t\t\t\t\t<\/div>\n\t\t\t\t<\/div>\n\t\t\t\t<\/div>\n\t\t<div class=\"elementor-element elementor-element-02d1083 e-con-full e-flex e-con e-child\" data-id=\"02d1083\" data-element_type=\"container\" data-e-type=\"container\">\n\t\t\t\t<div class=\"elementor-element elementor-element-747a28c elementor-widget elementor-widget-image\" data-id=\"747a28c\" data-element_type=\"widget\" data-e-type=\"widget\" data-widget_type=\"image.default\">\n\t\t\t\t<div class=\"elementor-widget-container\">\n\t\t\t\t\t\t\t\t\t\t\t\t\t\t\t<img fetchpriority=\"high\" decoding=\"async\" width=\"1024\" height=\"548\" src=\"https:\/\/apedaf.be\/wordpress\/wp-content\/uploads\/2025\/05\/Capture-decran-2025-05-13-a-11.29.58-1024x548.png\" class=\"attachment-large size-large wp-image-11084\" alt=\"stages-inclusifs\" srcset=\"https:\/\/apedaf.be\/wordpress\/wp-content\/uploads\/2025\/05\/Capture-decran-2025-05-13-a-11.29.58-1024x548.png 1024w, https:\/\/apedaf.be\/wordpress\/wp-content\/uploads\/2025\/05\/Capture-decran-2025-05-13-a-11.29.58-300x160.png 300w, https:\/\/apedaf.be\/wordpress\/wp-content\/uploads\/2025\/05\/Capture-decran-2025-05-13-a-11.29.58-768x411.png 768w, https:\/\/apedaf.be\/wordpress\/wp-content\/uploads\/2025\/05\/Capture-decran-2025-05-13-a-11.29.58-1536x822.png 1536w, https:\/\/apedaf.be\/wordpress\/wp-content\/uploads\/2025\/05\/Capture-decran-2025-05-13-a-11.29.58-2048x1095.png 2048w\" sizes=\"(max-width: 1024px) 100vw, 1024px\" \/>\t\t\t\t\t\t\t\t\t\t\t\t\t\t\t<\/div>\n\t\t\t\t<\/div>\n\t\t\t\t<\/div>\n\t\t\t\t\t<\/div>\n\t\t\t\t<\/div>\n\t\t<div class=\"elementor-element elementor-element-cb955c5 e-flex e-con-boxed e-con e-parent\" data-id=\"cb955c5\" data-element_type=\"container\" data-e-type=\"container\" data-settings=\"{&quot;background_background&quot;:&quot;classic&quot;}\">\n\t\t\t\t\t<div class=\"e-con-inner\">\n\t\t\t\t<div class=\"elementor-element elementor-element-f3aabd8 elementor-widget elementor-widget-spacer\" data-id=\"f3aabd8\" data-element_type=\"widget\" data-e-type=\"widget\" data-widget_type=\"spacer.default\">\n\t\t\t\t<div class=\"elementor-widget-container\">\n\t\t\t\t\t\t\t<div class=\"elementor-spacer\">\n\t\t\t<div class=\"elementor-spacer-inner\"><\/div>\n\t\t<\/div>\n\t\t\t\t\t\t<\/div>\n\t\t\t\t<\/div>\n\t\t\t\t<div class=\"elementor-element elementor-element-8bd1e0e elementor-widget elementor-widget-heading\" data-id=\"8bd1e0e\" data-element_type=\"widget\" data-e-type=\"widget\" data-widget_type=\"heading.default\">\n\t\t\t\t<div class=\"elementor-widget-container\">\n\t\t\t\t\t<h2 class=\"elementor-heading-title elementor-size-default\">Une th\u00e9matique diff\u00e9rente \u00e0 chaque stage<\/h2>\t\t\t\t<\/div>\n\t\t\t\t<\/div>\n\t\t\t\t\t<\/div>\n\t\t\t\t<\/div>\n\t\t<div class=\"elementor-element elementor-element-aab5780 e-flex e-con-boxed e-con e-parent\" data-id=\"aab5780\" data-element_type=\"container\" data-e-type=\"container\" data-settings=\"{&quot;background_background&quot;:&quot;classic&quot;}\">\n\t\t\t\t\t<div class=\"e-con-inner\">\n\t\t<div class=\"elementor-element elementor-element-b3c905f e-con-full e-flex e-con e-child\" data-id=\"b3c905f\" data-element_type=\"container\" data-e-type=\"container\">\n\t\t\t\t<div class=\"elementor-element elementor-element-66ae88d elementor-widget elementor-widget-image\" data-id=\"66ae88d\" data-element_type=\"widget\" data-e-type=\"widget\" data-widget_type=\"image.default\">\n\t\t\t\t<div class=\"elementor-widget-container\">\n\t\t\t\t\t\t\t\t\t\t\t\t\t\t\t<img decoding=\"async\" width=\"1024\" height=\"550\" src=\"https:\/\/apedaf.be\/wordpress\/wp-content\/uploads\/2025\/05\/Capture-decran-2025-05-13-a-11.33.29-1024x550.png\" class=\"attachment-large size-large wp-image-11085\" alt=\"Stages-inclusifs-2\" srcset=\"https:\/\/apedaf.be\/wordpress\/wp-content\/uploads\/2025\/05\/Capture-decran-2025-05-13-a-11.33.29-1024x550.png 1024w, https:\/\/apedaf.be\/wordpress\/wp-content\/uploads\/2025\/05\/Capture-decran-2025-05-13-a-11.33.29-300x161.png 300w, https:\/\/apedaf.be\/wordpress\/wp-content\/uploads\/2025\/05\/Capture-decran-2025-05-13-a-11.33.29-768x413.png 768w, https:\/\/apedaf.be\/wordpress\/wp-content\/uploads\/2025\/05\/Capture-decran-2025-05-13-a-11.33.29-1536x826.png 1536w, https:\/\/apedaf.be\/wordpress\/wp-content\/uploads\/2025\/05\/Capture-decran-2025-05-13-a-11.33.29-2048x1101.png 2048w\" sizes=\"(max-width: 1024px) 100vw, 1024px\" \/>\t\t\t\t\t\t\t\t\t\t\t\t\t\t\t<\/div>\n\t\t\t\t<\/div>\n\t\t\t\t<\/div>\n\t\t<div class=\"elementor-element elementor-element-e98973e e-con-full e-flex e-con e-child\" data-id=\"e98973e\" data-element_type=\"container\" data-e-type=\"container\">\n\t\t\t\t<div class=\"elementor-element elementor-element-e5e87e6 elementor-widget elementor-widget-text-editor\" data-id=\"e5e87e6\" data-element_type=\"widget\" data-e-type=\"widget\" data-widget_type=\"text-editor.default\">\n\t\t\t\t<div class=\"elementor-widget-container\">\n\t\t\t\t\t\t\t\t\t<p class=\"\" data-start=\"957\" data-end=\"1179\">Chaque stage est construit autour d\u2019une th\u00e9matique sp\u00e9cifique : nature, arts, animaux, contes, sciences, cirque, etc. Cette th\u00e9matique donne le ton \u00e0 une s\u00e9rie d\u2019activit\u00e9s vari\u00e9es et stimulantes tout au long de la semaine.<\/p><p class=\"\" data-start=\"1181\" data-end=\"1451\">Jeux collectifs, ateliers cr\u00e9atifs, animations culturelles, d\u00e9couvertes sensorielles ou activit\u00e9s sportives : tout est pens\u00e9 pour \u00e9veiller la curiosit\u00e9 des enfants, encourager l\u2019expression personnelle, et favoriser les interactions entre enfants aux profils diversifi\u00e9s.<\/p><p class=\"\" data-start=\"1453\" data-end=\"1644\">Ces moments partag\u00e9s permettent \u00e0 chaque enfant de s\u2019\u00e9panouir \u00e0 son rythme, de d\u00e9velopper ses comp\u00e9tences sociales et de vivre des exp\u00e9riences enrichissantes dans un cadre inclusif et joyeux.<\/p><p class=\"\" data-start=\"1646\" data-end=\"1785\">Pour toute information compl\u00e9mentaire sur nos plaines de vacances inclusives, contactez-nous au <strong>0472\/58.82.13<\/strong> ou par mail \u00e0 <strong><a class=\"cursor-pointer\" rel=\"noopener\" data-start=\"1770\" data-end=\"1784\">info@apedaf.be<\/a>.<\/strong><\/p>\t\t\t\t\t\t\t\t<\/div>\n\t\t\t\t<\/div>\n\t\t\t\t<\/div>\n\t\t\t\t\t<\/div>\n\t\t\t\t<\/div>\n\t\t<div class=\"elementor-element elementor-element-90f7038 e-flex e-con-boxed e-con e-parent\" data-id=\"90f7038\" data-element_type=\"container\" data-e-type=\"container\" data-settings=\"{&quot;background_background&quot;:&quot;classic&quot;}\">\n\t\t\t\t\t<div class=\"e-con-inner\">\n\t\t\t\t<div class=\"elementor-element elementor-element-85f741d elementor-widget elementor-widget-spacer\" data-id=\"85f741d\" data-element_type=\"widget\" data-e-type=\"widget\" data-widget_type=\"spacer.default\">\n\t\t\t\t<div class=\"elementor-widget-container\">\n\t\t\t\t\t\t\t<div class=\"elementor-spacer\">\n\t\t\t<div class=\"elementor-spacer-inner\"><\/div>\n\t\t<\/div>\n\t\t\t\t\t\t<\/div>\n\t\t\t\t<\/div>\n\t\t\t\t<div class=\"elementor-element elementor-element-ef8dfb3 elementor-widget elementor-widget-heading\" data-id=\"ef8dfb3\" data-element_type=\"widget\" data-e-type=\"widget\" data-widget_type=\"heading.default\">\n\t\t\t\t<div class=\"elementor-widget-container\">\n\t\t\t\t\t<h2 class=\"elementor-heading-title elementor-size-default\">Voici une vid\u00e9o d'un de nos stages inclusifs<\/h2>\t\t\t\t<\/div>\n\t\t\t\t<\/div>\n\t\t\t\t<div class=\"elementor-element elementor-element-38a33b9 elementor-widget__width-initial elementor-widget elementor-widget-video\" data-id=\"38a33b9\" data-element_type=\"widget\" data-e-type=\"widget\" data-settings=\"{&quot;youtube_url&quot;:&quot;https:\\\/\\\/youtu.be\\\/lY6O4Qb5uXA?si=XzLCZd57wExnwx0v&quot;,&quot;video_type&quot;:&quot;youtube&quot;,&quot;controls&quot;:&quot;yes&quot;}\" data-widget_type=\"video.default\">\n\t\t\t\t<div class=\"elementor-widget-container\">\n\t\t\t\t\t\t\t<div class=\"elementor-wrapper elementor-open-inline\">\n\t\t\t<div class=\"elementor-video\"><\/div>\t\t<\/div>\n\t\t\t\t\t\t<\/div>\n\t\t\t\t<\/div>\n\t\t\t\t<div class=\"elementor-element elementor-element-76f4667 elementor-widget elementor-widget-spacer\" data-id=\"76f4667\" data-element_type=\"widget\" data-e-type=\"widget\" data-widget_type=\"spacer.default\">\n\t\t\t\t<div class=\"elementor-widget-container\">\n\t\t\t\t\t\t\t<div class=\"elementor-spacer\">\n\t\t\t<div class=\"elementor-spacer-inner\"><\/div>\n\t\t<\/div>\n\t\t\t\t\t\t<\/div>\n\t\t\t\t<\/div>\n\t\t\t\t\t<\/div>\n\t\t\t\t<\/div>\n\t\t\t\t<\/div>\n\t\t","protected":false},"excerpt":{"rendered":"<p>Nos stages inclusifs \u00c0 chaque p\u00e9riode de vacances scolaires \u2014 Toussaint, Carnaval, P\u00e2ques et ao\u00fbt \u2014 l\u2019APEDAF organise, en partenariat avec le service ATL de la Ville de Tournai, des stages inclusifs d\u2019une semaine (cinq jours) pour les enfants \u00e2g\u00e9s de 2,5 \u00e0 12 ans. Ces stages sont ouverts aux enfants sourds, malentendants, entendants et [&hellip;]<\/p>\n","protected":false},"author":1,"featured_media":0,"parent":0,"menu_order":0,"comment_status":"closed","ping_status":"closed","template":"","meta":{"footnotes":""},"class_list":["post-8528","page","type-page","status-publish","hentry","entry"],"yoast_head":"<!-- This site is optimized with the Yoast SEO plugin v27.2 - https:\/\/yoast.com\/product\/yoast-seo-wordpress\/ -->\n<title>Stages inclusifs - APEDAF asbl<\/title>\n<meta name=\"robots\" content=\"index, follow, max-snippet:-1, max-image-preview:large, max-video-preview:-1\" \/>\n<link rel=\"canonical\" href=\"https:\/\/apedaf.be\/wordpress\/stages-inclusifs\/\" \/>\n<meta property=\"og:locale\" content=\"fr_FR\" \/>\n<meta property=\"og:type\" content=\"article\" \/>\n<meta property=\"og:title\" content=\"Stages inclusifs - APEDAF asbl\" \/>\n<meta property=\"og:description\" content=\"Nos stages inclusifs \u00c0 chaque p\u00e9riode de vacances scolaires \u2014 Toussaint, Carnaval, P\u00e2ques et ao\u00fbt \u2014 l\u2019APEDAF organise, en partenariat avec le service ATL de la Ville de Tournai, des stages inclusifs d\u2019une semaine (cinq jours) pour les enfants \u00e2g\u00e9s de 2,5 \u00e0 12 ans. Ces stages sont ouverts aux enfants sourds, malentendants, entendants et [&hellip;]\" \/>\n<meta property=\"og:url\" content=\"https:\/\/apedaf.be\/wordpress\/stages-inclusifs\/\" \/>\n<meta property=\"og:site_name\" content=\"APEDAF asbl\" \/>\n<meta property=\"article:publisher\" content=\"https:\/\/www.facebook.com\/apedaf\/\" \/>\n<meta property=\"article:modified_time\" content=\"2025-05-13T10:00:59+00:00\" \/>\n<meta property=\"og:image\" content=\"https:\/\/apedaf.be\/wordpress\/wp-content\/uploads\/2025\/05\/Capture-decran-2025-05-13-a-11.29.58-1024x548.png\" \/>\n\t<meta property=\"og:image:width\" content=\"1024\" \/>\n\t<meta property=\"og:image:height\" content=\"548\" \/>\n\t<meta property=\"og:image:type\" content=\"image\/png\" \/>\n<meta name=\"twitter:card\" content=\"summary_large_image\" \/>\n<meta name=\"twitter:label1\" content=\"Dur\u00e9e de lecture estim\u00e9e\" \/>\n\t<meta name=\"twitter:data1\" content=\"2 minutes\" \/>\n<script type=\"application\/ld+json\" class=\"yoast-schema-graph\">{\"@context\":\"https:\/\/schema.org\",\"@graph\":[{\"@type\":\"WebPage\",\"@id\":\"https:\/\/apedaf.be\/wordpress\/stages-inclusifs\/\",\"url\":\"https:\/\/apedaf.be\/wordpress\/stages-inclusifs\/\",\"name\":\"Stages inclusifs - APEDAF asbl\",\"isPartOf\":{\"@id\":\"https:\/\/apedaf.be\/wordpress\/#website\"},\"primaryImageOfPage\":{\"@id\":\"https:\/\/apedaf.be\/wordpress\/stages-inclusifs\/#primaryimage\"},\"image\":{\"@id\":\"https:\/\/apedaf.be\/wordpress\/stages-inclusifs\/#primaryimage\"},\"thumbnailUrl\":\"https:\/\/apedaf.be\/wordpress\/wp-content\/uploads\/2025\/05\/Capture-decran-2025-05-13-a-11.29.58-1024x548.png\",\"datePublished\":\"2023-07-11T14:00:30+00:00\",\"dateModified\":\"2025-05-13T10:00:59+00:00\",\"breadcrumb\":{\"@id\":\"https:\/\/apedaf.be\/wordpress\/stages-inclusifs\/#breadcrumb\"},\"inLanguage\":\"fr-FR\",\"potentialAction\":[{\"@type\":\"ReadAction\",\"target\":[\"https:\/\/apedaf.be\/wordpress\/stages-inclusifs\/\"]}]},{\"@type\":\"ImageObject\",\"inLanguage\":\"fr-FR\",\"@id\":\"https:\/\/apedaf.be\/wordpress\/stages-inclusifs\/#primaryimage\",\"url\":\"https:\/\/apedaf.be\/wordpress\/wp-content\/uploads\/2025\/05\/Capture-decran-2025-05-13-a-11.29.58-scaled.png\",\"contentUrl\":\"https:\/\/apedaf.be\/wordpress\/wp-content\/uploads\/2025\/05\/Capture-decran-2025-05-13-a-11.29.58-scaled.png\",\"width\":2560,\"height\":1369,\"caption\":\"stages-inclusifs\"},{\"@type\":\"BreadcrumbList\",\"@id\":\"https:\/\/apedaf.be\/wordpress\/stages-inclusifs\/#breadcrumb\",\"itemListElement\":[{\"@type\":\"ListItem\",\"position\":1,\"name\":\"Accueil\",\"item\":\"https:\/\/apedaf.be\/wordpress\/\"},{\"@type\":\"ListItem\",\"position\":2,\"name\":\"Stages inclusifs\"}]},{\"@type\":\"WebSite\",\"@id\":\"https:\/\/apedaf.be\/wordpress\/#website\",\"url\":\"https:\/\/apedaf.be\/wordpress\/\",\"name\":\"L'APEDAF asbl\",\"description\":\"Pour l&#039;\u00e9panouissement des enfants sourds et malentendants\",\"publisher\":{\"@id\":\"https:\/\/apedaf.be\/wordpress\/#organization\"},\"potentialAction\":[{\"@type\":\"SearchAction\",\"target\":{\"@type\":\"EntryPoint\",\"urlTemplate\":\"https:\/\/apedaf.be\/wordpress\/?s={search_term_string}\"},\"query-input\":{\"@type\":\"PropertyValueSpecification\",\"valueRequired\":true,\"valueName\":\"search_term_string\"}}],\"inLanguage\":\"fr-FR\"},{\"@type\":\"Organization\",\"@id\":\"https:\/\/apedaf.be\/wordpress\/#organization\",\"name\":\"L'APEDAF asbl\",\"url\":\"https:\/\/apedaf.be\/wordpress\/\",\"logo\":{\"@type\":\"ImageObject\",\"inLanguage\":\"fr-FR\",\"@id\":\"https:\/\/apedaf.be\/wordpress\/#\/schema\/logo\/image\/\",\"url\":\"https:\/\/apedaf.be\/wordpress\/wp-content\/uploads\/2020\/04\/cropped-Apedaf-QUADRI-general-V-e1586436209432-2.png\",\"contentUrl\":\"https:\/\/apedaf.be\/wordpress\/wp-content\/uploads\/2020\/04\/cropped-Apedaf-QUADRI-general-V-e1586436209432-2.png\",\"width\":620,\"height\":273,\"caption\":\"L'APEDAF asbl\"},\"image\":{\"@id\":\"https:\/\/apedaf.be\/wordpress\/#\/schema\/logo\/image\/\"},\"sameAs\":[\"https:\/\/www.facebook.com\/apedaf\/\",\"https:\/\/www.instagram.com\/asblapedaf\/\"]}]}<\/script>\n<!-- \/ Yoast SEO plugin. -->","yoast_head_json":{"title":"Stages inclusifs - APEDAF asbl","robots":{"index":"index","follow":"follow","max-snippet":"max-snippet:-1","max-image-preview":"max-image-preview:large","max-video-preview":"max-video-preview:-1"},"canonical":"https:\/\/apedaf.be\/wordpress\/stages-inclusifs\/","og_locale":"fr_FR","og_type":"article","og_title":"Stages inclusifs - APEDAF asbl","og_description":"Nos stages inclusifs \u00c0 chaque p\u00e9riode de vacances scolaires \u2014 Toussaint, Carnaval, P\u00e2ques et ao\u00fbt \u2014 l\u2019APEDAF organise, en partenariat avec le service ATL de la Ville de Tournai, des stages inclusifs d\u2019une semaine (cinq jours) pour les enfants \u00e2g\u00e9s de 2,5 \u00e0 12 ans. Ces stages sont ouverts aux enfants sourds, malentendants, entendants et [&hellip;]","og_url":"https:\/\/apedaf.be\/wordpress\/stages-inclusifs\/","og_site_name":"APEDAF asbl","article_publisher":"https:\/\/www.facebook.com\/apedaf\/","article_modified_time":"2025-05-13T10:00:59+00:00","og_image":[{"width":1024,"height":548,"url":"https:\/\/apedaf.be\/wordpress\/wp-content\/uploads\/2025\/05\/Capture-decran-2025-05-13-a-11.29.58-1024x548.png","type":"image\/png"}],"twitter_card":"summary_large_image","twitter_misc":{"Dur\u00e9e de lecture estim\u00e9e":"2 minutes"},"schema":{"@context":"https:\/\/schema.org","@graph":[{"@type":"WebPage","@id":"https:\/\/apedaf.be\/wordpress\/stages-inclusifs\/","url":"https:\/\/apedaf.be\/wordpress\/stages-inclusifs\/","name":"Stages inclusifs - APEDAF asbl","isPartOf":{"@id":"https:\/\/apedaf.be\/wordpress\/#website"},"primaryImageOfPage":{"@id":"https:\/\/apedaf.be\/wordpress\/stages-inclusifs\/#primaryimage"},"image":{"@id":"https:\/\/apedaf.be\/wordpress\/stages-inclusifs\/#primaryimage"},"thumbnailUrl":"https:\/\/apedaf.be\/wordpress\/wp-content\/uploads\/2025\/05\/Capture-decran-2025-05-13-a-11.29.58-1024x548.png","datePublished":"2023-07-11T14:00:30+00:00","dateModified":"2025-05-13T10:00:59+00:00","breadcrumb":{"@id":"https:\/\/apedaf.be\/wordpress\/stages-inclusifs\/#breadcrumb"},"inLanguage":"fr-FR","potentialAction":[{"@type":"ReadAction","target":["https:\/\/apedaf.be\/wordpress\/stages-inclusifs\/"]}]},{"@type":"ImageObject","inLanguage":"fr-FR","@id":"https:\/\/apedaf.be\/wordpress\/stages-inclusifs\/#primaryimage","url":"https:\/\/apedaf.be\/wordpress\/wp-content\/uploads\/2025\/05\/Capture-decran-2025-05-13-a-11.29.58-scaled.png","contentUrl":"https:\/\/apedaf.be\/wordpress\/wp-content\/uploads\/2025\/05\/Capture-decran-2025-05-13-a-11.29.58-scaled.png","width":2560,"height":1369,"caption":"stages-inclusifs"},{"@type":"BreadcrumbList","@id":"https:\/\/apedaf.be\/wordpress\/stages-inclusifs\/#breadcrumb","itemListElement":[{"@type":"ListItem","position":1,"name":"Accueil","item":"https:\/\/apedaf.be\/wordpress\/"},{"@type":"ListItem","position":2,"name":"Stages inclusifs"}]},{"@type":"WebSite","@id":"https:\/\/apedaf.be\/wordpress\/#website","url":"https:\/\/apedaf.be\/wordpress\/","name":"L'APEDAF asbl","description":"Pour l&#039;\u00e9panouissement des enfants sourds et malentendants","publisher":{"@id":"https:\/\/apedaf.be\/wordpress\/#organization"},"potentialAction":[{"@type":"SearchAction","target":{"@type":"EntryPoint","urlTemplate":"https:\/\/apedaf.be\/wordpress\/?s={search_term_string}"},"query-input":{"@type":"PropertyValueSpecification","valueRequired":true,"valueName":"search_term_string"}}],"inLanguage":"fr-FR"},{"@type":"Organization","@id":"https:\/\/apedaf.be\/wordpress\/#organization","name":"L'APEDAF asbl","url":"https:\/\/apedaf.be\/wordpress\/","logo":{"@type":"ImageObject","inLanguage":"fr-FR","@id":"https:\/\/apedaf.be\/wordpress\/#\/schema\/logo\/image\/","url":"https:\/\/apedaf.be\/wordpress\/wp-content\/uploads\/2020\/04\/cropped-Apedaf-QUADRI-general-V-e1586436209432-2.png","contentUrl":"https:\/\/apedaf.be\/wordpress\/wp-content\/uploads\/2020\/04\/cropped-Apedaf-QUADRI-general-V-e1586436209432-2.png","width":620,"height":273,"caption":"L'APEDAF asbl"},"image":{"@id":"https:\/\/apedaf.be\/wordpress\/#\/schema\/logo\/image\/"},"sameAs":["https:\/\/www.facebook.com\/apedaf\/","https:\/\/www.instagram.com\/asblapedaf\/"]}]}},"jetpack_sharing_enabled":true,"_links":{"self":[{"href":"https:\/\/apedaf.be\/wordpress\/wp-json\/wp\/v2\/pages\/8528","targetHints":{"allow":["GET"]}}],"collection":[{"href":"https:\/\/apedaf.be\/wordpress\/wp-json\/wp\/v2\/pages"}],"about":[{"href":"https:\/\/apedaf.be\/wordpress\/wp-json\/wp\/v2\/types\/page"}],"author":[{"embeddable":true,"href":"https:\/\/apedaf.be\/wordpress\/wp-json\/wp\/v2\/users\/1"}],"replies":[{"embeddable":true,"href":"https:\/\/apedaf.be\/wordpress\/wp-json\/wp\/v2\/comments?post=8528"}],"version-history":[{"count":43,"href":"https:\/\/apedaf.be\/wordpress\/wp-json\/wp\/v2\/pages\/8528\/revisions"}],"predecessor-version":[{"id":11097,"href":"https:\/\/apedaf.be\/wordpress\/wp-json\/wp\/v2\/pages\/8528\/revisions\/11097"}],"wp:attachment":[{"href":"https:\/\/apedaf.be\/wordpress\/wp-json\/wp\/v2\/media?parent=8528"}],"curies":[{"name":"wp","href":"https:\/\/api.w.org\/{rel}","templated":true}]}}